00.
504
Calculate the highest common factor of 40809 and 13157.
223
Calculate the greatest common divisor of 1097502 and 392.
98
What is the greatest common divisor of 53328 and 198?
66
What is the highest common divisor of 2560 and 53472?
32
What is the greatest common factor of 8987099 and 22?
11
What is the highest common divisor of 60434 and 1312?
82
Calculate the highest common factor of 5848 and 50439.
731
Calculate the greatest common factor of 18785 and 120.
5
What is the greatest common factor of 772 and 63497?
193
Calculate the highest common divisor of 486 and 37746.
162
What is the highest common factor of 1444 and 1786?
38
What is the greatest common divisor of 690792 and 538?
538
Calculate the highest common divisor of 49842 and 568.
142
Calculate the highest common divisor of 92 and 192.
4
Calculate the highest common factor of 206 and 7782371.
103
What is the greatest common divisor of 1236 and 266667?
309
What is the highest common factor of 459006 and 17628?
678
What is the highest common factor of 1816336 and 1952?
976
Calculate the greatest common factor of 340685 and 1220.
305
What is the highest common factor of 104664 and 2670?
534
Calculate the highest common factor of 36 and 115173.
9
Calculate the greatest common divisor of 105 and 720.
15
What is the highest common divisor of 81 and 1257?
3
What is the greatest common factor of 3101 and 354843?
443
What is the highest common factor of 81 and 71577?
27
What is the greatest common divisor of 14061 and 516?
129
What is the highest common factor of 31465 and 6235?
145
Calculate the highest common divisor of 82 and 192044.
82
What is the greatest common divisor of 114000 and 1875?
375
Calculate the greatest common divisor of 1560 and 5850.
390
Calculate the greatest common divisor of 36 and 3166.
2
Calculate the highest common factor of 102 and 2826.
6
What is the highest common factor of 151981 and 23576?
421
Calculate the highest common factor of 1248 and 25428.
156
Calculate the highest common divisor of 3820 and 1007716.
764
What is the greatest common divisor of 97860 and 1680?
420
Calculate the greatest common factor of 13761 and 3090109.
1529
What is the greatest common divisor of 5106 and 3450?
138
What is the highest common divisor of 21 and 628509?
21
What is the greatest common factor of 10 and 1238530?
10
What is the highest common divisor of 1424996 and 328?
164
Calculate the highest common factor of 209 and 649.
11
What is the highest common divisor of 640080 and 140?
140
Calculate the greatest common divisor of 144510 and 750.
30
What is the greatest common factor of 482 and 1249344?
482
Calculate the highest common factor of 127 and 105918.
127
What is the highest common factor of 51 and 3553?
17
What is the highest common divisor of 30476 and 10336?
76
What is the greatest common factor of 1886 and 4018?
82
What is the highest common divisor of 121 and 16489?
11
What is the highest common divisor of 1154575 and 25?
25
Calculate the highest common divisor of 88610 and 110.
10
What is the highest common factor of 28 and 24584?
28
What is the highest common factor of 5658 and 41?
41
What is the highest common factor of 14863 and 801?
89
Calculate the greatest common factor of 3942 and 3510.
54
Calculate the greatest common divisor of 3924 and 2575779.
327
Calculate the greatest common factor of 26815 and 519.
173
What is the highest common divisor of 955230 and 714?
102
Calculate the greatest common divisor of 45023 and 1199.
11
Calculate the greatest common factor of 113920 and 1335.
445
Calculate the greatest common factor of 9354 and 12.
6
Calculate the greatest common factor of 2825 and 1575.
25
Calculate the highest common factor of 304289 and 873.
97
Calculate the highest common factor of 10726 and 806.
62
Calculate the highest common divisor of 132 and 119229.
33
What is the highest common divisor of 80408 and 152?
152
What is the greatest common divisor of 477 and 94287?
159
Calculate the greatest common divisor of 981904 and 22.
22
Calculate the greatest common factor of 37560 and 840.
120
Calculate the highest common factor of 49 and 46039.
7
Calculate the highest common factor of 838476 and 18.
18
What is the greatest common factor of 5996 and 1172?
4
What is the highest common divisor of 204 and 15861?
51
Calculate the greatest common divisor of 15479 and 11441.
673
What is the highest common divisor of 8991 and 3811?
37
What is the greatest common factor of 347 and 34?
1
Calculate the highest common factor of 64 and 478376.
8
Calculate the greatest common factor of 108920 and 10.
10
Calculate the highest common divisor of 24 and 1165092.
12
Calculate the greatest common divisor of 114 and 1791.
3
What is the highest common divisor of 642807 and 774?
387
Calculate the highest common divisor of 328 and 8.
8
Calculate the highest common factor of 1140 and 108642.
114
Calculate the greatest common divisor of 13792 and 96.
32
Calculate the greatest common factor of 442722 and 70.
14
Calculate the greatest common divisor of 160 and 605700.
20
Calculate the highest common factor of 896 and 12096.
448
What is the highest common factor of 12760 and 2915?
55
Calculate the greatest common factor of 34941 and 4332.
57
Calculate the greatest common factor of 221 and 4505.
17
What is the highest common factor of 2679 and 1363?
47
What is the greatest common factor of 125404 and 856?
428
What is the highest common divisor of 102 and 27540?
102
What is the highest common factor of 986634 and 4598?
242
Calculate the highest common divisor of 144743 and 53.
53
What is the greatest common factor of 310304 and 64?
32
Calculate the highest common factor of 1868611 and 37.
37
What is the highest common divisor of 37709 and 224?
7
Calculate the highest common factor of 21516 and 55.
11
Calculate the highest common divisor of 10719 and 1107.
27
What is the highest common factor of 1022 and 13594?
14
Calculate the greatest common factor of 3477 and 2679.
57
What is the highest common divisor of 4648 and 13280?
664
Calculate the greatest common divisor of 6660 and 16200.
180
What is the highest common divisor of 98640 and 45?
45
What is the greatest common divisor of 7 and 6290914?
7
What is the highest common factor of 436 and 3149664?
436
Calculate the highest common factor of 222838 and 88.
22
What is the greatest common factor of 38763 and 17082?
657
Calculate the highest common factor of 210 and 2552760.
210
What is the highest common factor of 304 and 207632?
304
Calculate the highest common factor of 102 and 2985.
3
What is the highest common divisor of 27387 and 180?
9
What is the greatest common factor of 205973 and 2529?
281
What is the greatest common divisor of 12431 and 31?
31
Calculate the greatest common divisor of 8 and 14090.
2
Calculate the greatest common divisor of 512256 and 10304.
1472
Calculate the highest common divisor of 3273626 and 488.
122
Calculate the highest common divisor of 32132 and 174.
58
Calculate the greatest common divisor of 102464 and 64.
64
Calculate the greatest common factor of 25647226 and 22.
22
What is the greatest common divisor of 108 and 77372?
4
What is the highest common divisor of 16352 and 438?
146
What is the highest common divisor of 159643 and 253?
253
Calculate the highest common divisor of 45 and 95.
5
Calculate the greatest common factor of 63 and 80038.
7
What is the greatest common divisor of 11 and 3126134?
11
What is the highest common divisor of 855072 and 72?
72
Calculate the highest common divisor of 34 and 217447.
17
Calculate the greatest common divisor of 88 and 9876.
4
What is the highest common divisor of 132522 and 364?
26
Calculate the highest common divisor of 45825 and 1575.
75
What is the highest common divisor of 411 and 363?
3
Calculate the highest common factor of 189 and 4452.
21
Calculate the greatest common divisor of 9 and 61461.
9
What is the greatest common divisor of 165 and 2896355?
55
Calculate the highest common divisor of 3279352 and 344.
344
What is the greatest common factor of 2222 and 46486?
22
Calculate the greatest common divisor of 342 and 2147.
19
What is the greatest common divisor of 15930 and 1485?
135
Calculate the greatest common divisor of 381558 and 114.
114
Cal